{"id":27,"date":"2021-08-17T11:35:48","date_gmt":"2021-08-17T11:35:48","guid":{"rendered":"https:\/\/herzog-gmbh.ch\/?page_id=27"},"modified":"2026-03-30T14:36:38","modified_gmt":"2026-03-30T14:36:38","slug":"angebot","status":"publish","type":"page","link":"https:\/\/herzog-gmbh.ch\/","title":{"rendered":"Angebot"},"content":{"rendered":"\n<h2 class=\"wp-block-heading\">Haushaltsger\u00e4te<\/h2>\n\n\n\n<figure class=\"wp-block-image size-full\"><img loading=\"lazy\" decoding=\"async\" width=\"314\" height=\"166\" src=\"https:\/\/herzog-gmbh.ch\/wp-content\/uploads\/2021\/08\/Waschmaschine_Backofen-1.png\" alt=\"\" class=\"wp-image-29\" srcset=\"https:\/\/herzog-gmbh.ch\/wp-content\/uploads\/2021\/08\/Waschmaschine_Backofen-1.png 314w, https:\/\/herzog-gmbh.ch\/wp-content\/uploads\/2021\/08\/Waschmaschine_Backofen-1-300x159.png 300w\" sizes=\"auto, (max-width: 314px) 100vw, 314px\" \/><\/figure>\n\n\n\n<p>Wir sind Ihr kompetenter Ansprechspartner f\u00fcr Service, Reparatur und Verkauf von Haushaltsger\u00e4ten aller Marken.<\/p>\n\n\n\n<h2 class=\"wp-block-heading\">Elektroinstallationen<\/h2>\n\n\n\n<figure class=\"wp-block-image size-full\"><img loading=\"lazy\" decoding=\"async\" width=\"314\" height=\"174\" src=\"https:\/\/herzog-gmbh.ch\/wp-content\/uploads\/2021\/08\/Steckdose_E_Auto.png\" alt=\"\" class=\"wp-image-30\" srcset=\"https:\/\/herzog-gmbh.ch\/wp-content\/uploads\/2021\/08\/Steckdose_E_Auto.png 314w, https:\/\/herzog-gmbh.ch\/wp-content\/uploads\/2021\/08\/Steckdose_E_Auto-300x166.png 300w\" sizes=\"auto, (max-width: 314px) 100vw, 314px\" \/><\/figure>\n\n\n\n<p>Wir bieten Ihnen Dienstleistungen im Bereich Elektroinstallationen an:<\/p>\n\n\n\n<ul class=\"wp-block-list\">\n<li>Neuinstallation und Service von Elektroinstallationen im und ums Haus.<\/li>\n\n\n\n<li>Beratung f\u00fcr L\u00f6sungen im Bereich erneuerbarer Energien und deren Installation.<\/li>\n<\/ul>\n\n\n\n<h2 class=\"wp-block-heading\">Kompetente Beratung<\/h2>\n\n\n\n<p>Wir beraten Sie gerne im pers\u00f6nlichen <a href=\"https:\/\/herzog-gmbh.ch\/index.php\/kontakt\/\" data-type=\"page\" data-id=\"5\">Gespr\u00e4ch<\/a> oder beantworten Ihre Anfragen via <a href=\"https:\/\/herzog-gmbh.ch\/index.php\/kontakt\/\" data-type=\"page\" data-id=\"5\">E-Mail<\/a>. <br>Wir freuen uns, Sie bald pers\u00f6nlich kennenzulernen.<\/p>\n\n\n\n<p>Energiereiche Gr\u00fcsse<\/p>\n\n\n\n<p><mark style=\"background-color:rgba(0, 0, 0, 0)\" class=\"has-inline-color has-neve-text-color-color\">Dominic <\/mark>&amp; Judith von Felten<br><\/p>\n\n\n\n<h3 class=\"wp-block-heading\">Aktuelle Erm\u00e4ssigungen auf Elektroger\u00e4te<\/h3>\n\n\n\n<iframe loading=\"lazy\" src=\"\/\/v.calameo.com\/?bkcode=008116453b0d0d1068abe&#038;mode=mini&#038;wmode=transparent&#038;clickto=view&#038;autoflip=4&#038;clicktarget=_blank\" width=\"100%\" height=\"300\" frameborder=\"0\" scrolling=\"no\" allowtransparency allowfullscreen style=\"margin:0 auto; witdh:100%; height:auto; aspect-ratio:4\/3\"><\/iframe>\n\n\n\n<p><\/p>\n","protected":false},"excerpt":{"rendered":"<p>Haushaltsger\u00e4te Wir sind Ihr kompetenter Ansprechspartner f\u00fcr Service, Reparatur und Verkauf von Haushaltsger\u00e4ten aller Marken. Elektroinstallationen Wir bieten Ihnen Dienstleistungen im Bereich Elektroinstallationen an: Kompetente Beratung Wir beraten Sie gerne im pers\u00f6nlichen Gespr\u00e4ch oder beantworten Ihre Anfragen via E-Mail. Wir freuen uns, Sie bald pers\u00f6nlich kennenzulernen. Energiereiche Gr\u00fcsse Dominic &amp; Judith von Felten Aktuelle Erm\u00e4ssigungen&hellip;&nbsp;<a href=\"https:\/\/herzog-gmbh.ch\/\" rel=\"bookmark\">Weiterlesen &raquo;<span class=\"screen-reader-text\">Angebot<\/span><\/a><\/p>\n","protected":false},"author":1,"featured_media":0,"parent":0,"menu_order":0,"comment_status":"closed","ping_status":"closed","template":"","meta":{"neve_meta_sidebar":"","neve_meta_container":"","neve_meta_enable_content_width":"","neve_meta_content_width":0,"neve_meta_title_alignment":"","neve_meta_author_avatar":"","neve_post_elements_order":"","neve_meta_disable_header":"","neve_meta_disable_footer":"","neve_meta_disable_title":"","footnotes":""},"class_list":["post-27","page","type-page","status-publish","hentry"],"_links":{"self":[{"href":"https:\/\/herzog-gmbh.ch\/index.php\/wp-json\/wp\/v2\/pages\/27","targetHints":{"allow":["GET"]}}],"collection":[{"href":"https:\/\/herzog-gmbh.ch\/index.php\/wp-json\/wp\/v2\/pages"}],"about":[{"href":"https:\/\/herzog-gmbh.ch\/index.php\/wp-json\/wp\/v2\/types\/page"}],"author":[{"embeddable":true,"href":"https:\/\/herzog-gmbh.ch\/index.php\/wp-json\/wp\/v2\/users\/1"}],"replies":[{"embeddable":true,"href":"https:\/\/herzog-gmbh.ch\/index.php\/wp-json\/wp\/v2\/comments?post=27"}],"version-history":[{"count":15,"href":"https:\/\/herzog-gmbh.ch\/index.php\/wp-json\/wp\/v2\/pages\/27\/revisions"}],"predecessor-version":[{"id":243,"href":"https:\/\/herzog-gmbh.ch\/index.php\/wp-json\/wp\/v2\/pages\/27\/revisions\/243"}],"wp:attachment":[{"href":"https:\/\/herzog-gmbh.ch\/index.php\/wp-json\/wp\/v2\/media?parent=27"}],"curies":[{"name":"wp","href":"https:\/\/api.w.org\/{rel}","templated":true}]}}